d z?
8
Suppose -u - 160 = -11*u. Let o be u/10*-1*210/(-28). Calculate the highest common factor of o and 48.
12
Let s = -6 - -8. Let h(t) = t**3 - 4*t**2 + 1. Let q be h(2). Let b = s - q. Calculate the greatest common divisor of 27 and b.
9
Let r = 333 + -323. Calculate the greatest common divisor of r and 830.
10
Let c = 256 - 47. Suppose 15*t - 17*t = -5*o + 99, -5*o = -5*t - 105. What is the highest common factor of o and c?
19
Let z = -162 + 232. Suppose 245*n - 287*n = -588. What is the highest common factor of n and z?
14
Suppose 4*h + 2*u - 120 = 0, 3*h + 2*u = -u + 84. What is the highest common divisor of h and 68?
4
Suppose 116 + 34 = -5*x. Let r(d) = 3*d**2 - 8*d + 3. Let s be r(5). Let z = s + x. What is the greatest common factor of 64 and z?
8
Suppose -7650 = -106*l + 88*l. Calculate the highest common divisor of 221 and l.
17
Suppose -7 = -p + g, 28 = 9*p - 4*p + 2*g. What is the greatest common divisor of p and 34?
2
Suppose -341 + 141 = -5*o. Let w = 31 + -15. What is the highest common divisor of w and o?
8
Let j(b) = -3*b**2 + 9*b + 2. Let m be j(4). Let w = m + 30. Calculate the highest common factor of w and 8.
4
Suppose -4*q + 19*q = 90. Calculate the greatest common divisor of q and 186.
6
Let f be 5/(-20) - 18/(-8). Suppose -i = f*i - 57. Let x = 69 - i. Calculate the greatest common factor of 10 and x.
10
Let r(s) = -2*s**2 + 28*s - 74. Let f be r(8). Calculate the highest common divisor of f and 32.
2
Let f(v) = -13*v - 3. Let w be f(-1). Let k(h) = -h**3 + 9*h**2 + 11*h + 18. Let d be k(w). What is the greatest common factor of 14 and d?
14
Let p = 59 + -51. Let z(w) = w**2 - 6*w + 5. Let f be z(p). Calculate the greatest common factor of f and 105.
21
Let b(d) = 0 + 10 + 8*d**2 - 7*d**2 + 14*d + 2*d. Let i be b(-16). Calculate the greatest common divisor of i and 90.
10
Let h = -10 + 15. Suppose -4*m + 20 = 0, v + 4*v - 3*m = -h. Suppose 0 = v*y + 64 - 264. Calculate the greatest common factor of 20 and y.
20
Let b = -530 + 538. Calculate the highest common factor of b and 4.
4
Let r(y) = -27*y**3 - y**2 - y. Let w be r(-1). Let z(p) = 13*p**2 + 7*p + 7. Let m be z(-5). Calculate the greatest common factor of m and w.
27
Let d(u) = u - 1. Let j be d(3). Let q(v) = -1 + j + 14*v**3 + 12*v**3. Let x be q(1). What is the greatest common divisor of 18 and x?
9
Let v = 528 + -360. Let z(o) = 5*o - 329. Let a be z(70). Calculate the highest common divisor of v and a.
21
Let m(w) = 14*w - 174. Let q be m(16). Calculate the greatest common factor of 320 and q.
10
Suppose 160 = 4*l - 2*s, 3*l + 4*s = -18 + 127. Calculate the highest common divisor of l and 65.
13
Let t = 150 - 86. Calculate the highest common divisor of t and 80.
16
Let m be 1 + 0*5/10. Let l be 8/(-5) - 4/10. Let w be (-1)/(1/(l/m)). What is the highest common factor of w and 2?
2
Let x(a) = a**3 + 9*a**2 - 11*a - 8. Let f be x(-10). Suppose 0 = -5*q - 2*d + 950, -q + 570 = f*q + 3*d. Calculate the highest common factor of q and 38.
38
Let q(y) = -17*y**2 - 3*y + 1. Let l be q(1). Let h = l - -33. What is the greatest common divisor of 126 and h?
14
Let a(h) be the first derivative of -h**3/3 + 10*h**2 + 29*h - 54. Let t be a(19). Calculate the highest common factor of t and 24.
24
Let z be -2*1*(-119)/14. What is the highest common factor of z and 34?
17
Suppose -8*t = -2393 + 113. Suppose -t = -b - 103. Calculate the highest common factor of 14 and b.
14
Let i be (-27)/(-6 + (-462)/(-78)). What is the highest common factor of i and 78?
39
Let g = 33 + 22. Suppose -5*v - 63 = -83. Suppose v*n - 6 = -2*o, 4*n = 3*o + o - 60. Calculate the greatest common factor of g and o.
11
Let k = 28 + 16. Let l be (3 - 2)/((-4)/(-12)). Let i be (-14)/(-2) + l*-1. Calculate the greatest common factor of k and i.
4
Let s(x) = x + 18. Let h be s(-13). Suppose 20 = -h*i, -4*c = -0*c + i + 224. Let d = -7 - c. What is the greatest common factor of d and 8?
8
Let o(l) = 2*l + 8. Let i = 7 - -5. Let q be 514/30 + i/(-90). Let z be o(q). What is the greatest common factor of z and 14?
14
Suppose -m = -q - 21, -8 = -m - 3*q + 1. Let h = 1725 + -1563. Calculate the highest common divisor of m and h.
18
Let j = 54 + -50. Suppose -j*s + 2*r = 7*r - 468, s - 117 = -4*r. What is the greatest common factor of s and 13?
13
Let v be (6/9)/((-2)/(-69)). Let a(u) = u**3 + 28*u**2 - 61*u + 62. Let p be a(-30). What is the greatest common factor of v and p?
23
Let p be (2/(-6))/((-5)/45). Suppose -4*j + 23 - p = 0. Suppose 5*t + 0*t - 90 = -2*i, -j*t + 4*i = -90. Calculate the highest common factor of 36 and t.
18
Suppose 83*s - 400 = 3*s. Calculate the greatest common divisor of s and 5.
5
Suppose 3*a = 4*p - 2, -3*a - 5*p + 4 + 12 = 0. Suppose -4*m = -m - 30. Let l be 21/((-5)/m*-3). Calculate the greatest common factor of l and a.
2
Let k = -27 + 63. Let y = -2956 + 3010. What is the greatest common factor of y and k?
18
Suppose 5*v = p - 1 + 14, 7 = 2*v - p. Calculate the greatest common factor of v and 1.
1
Suppose 5*z + 3 = 8*z. Let m = 29 + -20. Suppose s + f - 1 = -3, m = 3*s - 2*f. Calculate the greatest common factor of z and s.
1
Let d be (54/6)/((-12)/(-3) + -3). Let v(n) = 4*n - 24. Let y be v(d). What is the greatest common divisor of 6 and y?
6
Let a = -2438 - -2451. Suppose 0 = 4*b - 3*b - 52. What is the greatest common divisor of b and a?
13
Suppose 0 = -70*y + 69*y + 84. Suppose 0*v + 6*v - y = 0. Suppose 0*f + v = 2*f. Calculate the greatest common divisor of f and 21.
7
Let b = 70 - 67. Suppose -2*w + 26 = 2*y, 63 = 3*w - 2*y - b*y. What is the highest common divisor of w and 16?
16
Suppose 24*l - 7 = 929. What is the greatest common divisor of 403 and l?
13
Let f(z) = z**3 + 4*z**2 - 11*z + 13. Let x be f(-6). Let a be x + 8 - 4/2. What is the greatest common divisor of 65 and a?
13
Let o = 56 + 6. Suppose -43 + 148 = -3*s. Let b = s + o. Calculate the greatest common divisor of b and 3.
3
Suppose -2*h - 30 = -4*h. Let o be (6/9)/(2/h). Suppose -5*u - 4*j = -42, 5*j = -o*u - 0*j + 45. Calculate the highest common factor of u and 66.
6
Let j = 38 - 10. Let l(u) = 3*u**2 - 44*u - 7. Let z be l(15). Calculate the highest common divisor of z and j.
4
Let d be (5/((-30)/9) - -1)*-10. Suppose 0 = -t - 4*l - 10, -3*t - 5*l - 5 = -t. Calculate the greatest common divisor of t and d.
5
Let p(a) = a**2 + 5*a + 12. Let w be p(-4). Let x be -6 + w - 4/(-2). What is the highest common divisor of 1 and x?
1
Let z(g) = g**2 + 8*g - 9. Let t be z(-9). Suppose t*j = -j + 436. Let r = j - 283. What is the greatest common divisor of r and 17?
17
Let h = 2461 - 1390. Calculate the highest common divisor of 42 and h.
21
Let k = -131 + 177. What is the greatest common factor of 23 and k?
23
Let k(y) be the first derivative of -y**3/3 + 3*y**2/2 - y + 13. Let g be k(2). Calculate the highest common factor of g and 1.
1
Let x(j) = -j**2 + j + 5. Let l be x(0). Suppose 2*r + 2*r - l*u - 67 = 0, -11 = -2*r - 5*u. Calculate the greatest common divisor of r and 13.
13
Suppose 2*j + 3*w - w - 2 = 0, 2*j - w = -4. Let s be j - (0 - 4) - -10. Calculate the greatest common factor of s and 65.
13
Suppose 3*m = 10 + 2. Let t be 3/(3/2) + m. Let q = 8 + t. Calculate the greatest common divisor of q and 2.
2
Let n(p) = 3*p**3 + 5*p**2 - 13*p - 10. Let u be n(7). Suppose 3*s + 237 = -2*j + 3*j, -5*j + 3*s + u = 0. What is the greatest common factor of j and 26?
26
Let x(a) = -18*a**3 - 5*a - 2. Let f(k) = -19*k**3 - 4*k - 2. Let m(b) = 3*f(b) - 2*x(b). Let j be m(-1). What is the highest common divisor of 210 and j?
21
Let g(j) = 2 - 2*j**2 + 2*j**2 + 4*j**2 - j**2 + 2*j. Let n be g(2). What is the highest common factor of n and 9?
9
Let u(g) = 2*g**2 - 15*g - 99. Let b be u(-5). Let n be (2/3)/((-2)/(-6)). Suppose n*j + 52 = 6*j. Calculate the highest common factor of b and j.
13
Let v(m) = 3*m**3 - 3*m**2 - 2*m - 7. Let k be v(3). Suppose 5*f - 1902 = 148. What is the highest common factor of k and f?
41
Let f(n) = 5*n + 2. Let c be f(1). Suppose 572 = c*d - 5*d. What is the greatest common divisor of d and 26?
26
Suppose -5*u - 5*i + 205 + 45 = 0, -3*u + 3*i = -120. Let a = 323 + -318. Calculate the highest common factor of a and u.
5
Let k(n) = 4*n**3 - n**2 + 1. Let x be k(1). Let f be (-231)/